{"id":126,"date":"2022-08-26T15:49:29","date_gmt":"2022-08-26T13:49:29","guid":{"rendered":"https:\/\/www.gym-vitalite.fr\/?page_id=126"},"modified":"2022-08-31T13:02:32","modified_gmt":"2022-08-31T11:02:32","slug":"renfo-muscuclaire","status":"publish","type":"page","link":"https:\/\/www.gym-vitalite.fr\/?page_id=126","title":{"rendered":"Renfo Muscuclaire"},"content":{"rendered":"\t\t<div data-elementor-type=\"wp-page\" data-elementor-id=\"126\" class=\"elementor elementor-126\">\n\t\t\t\t\t\t<section class=\"elementor-section elementor-top-section elementor-element elementor-element-b20ea00 elementor-section-boxed elementor-section-height-default elementor-section-height-default wpr-particle-no wpr-jarallax-no wpr-parallax-no wpr-sticky-section-no wpr-equal-height-no\" data-id=\"b20ea00\" data-element_type=\"section\" data-e-type=\"section\">\n\t\t\t\t\t\t<div class=\"elementor-container elementor-column-gap-default\">\n\t\t\t\t\t<div class=\"elementor-column elementor-col-100 elementor-top-column elementor-element elementor-element-ce7b934\" data-id=\"ce7b934\" data-element_type=\"column\" data-e-type=\"column\">\n\t\t\t<div class=\"elementor-widget-wrap elementor-element-populated\">\n\t\t\t\t\t\t<div class=\"elementor-element elementor-element-143eed2 elementor-widget elementor-widget-heading\" data-id=\"143eed2\" data-element_type=\"widget\" data-e-type=\"widget\" data-widget_type=\"heading.default\">\n\t\t\t\t<div class=\"elementor-widget-container\">\n\t\t\t\t\t<h3 class=\"elementor-heading-title elementor-size-default\">Renforcement musculaire<\/h3>\t\t\t\t<\/div>\n\t\t\t\t<\/div>\n\t\t\t\t\t<\/div>\n\t\t<\/div>\n\t\t\t\t\t<\/div>\n\t\t<\/section>\n\t\t\t\t<section class=\"elementor-section elementor-top-section elementor-element elementor-element-2fc3508 elementor-section-boxed elementor-section-height-default elementor-section-height-default wpr-particle-no wpr-jarallax-no wpr-parallax-no wpr-sticky-section-no wpr-equal-height-no\" data-id=\"2fc3508\" data-element_type=\"section\" data-e-type=\"section\">\n\t\t\t\t\t\t<div class=\"elementor-container elementor-column-gap-default\">\n\t\t\t\t\t<div class=\"elementor-column elementor-col-100 elementor-top-column elementor-element elementor-element-6c017cb\" data-id=\"6c017cb\" data-element_type=\"column\" data-e-type=\"column\">\n\t\t\t<div class=\"elementor-widget-wrap elementor-element-populated\">\n\t\t\t\t\t\t<div class=\"elementor-element elementor-element-4888f2c elementor-widget elementor-widget-text-editor\" data-id=\"4888f2c\" data-element_type=\"widget\" data-e-type=\"widget\" data-widget_type=\"text-editor.default\">\n\t\t\t\t<div class=\"elementor-widget-container\">\n\t\t\t\t\t\t\t\t\t<p><strong><u>CLAIRE<\/u>&nbsp;:<\/strong><\/p>\n<p>Le renforcement musculaire et son panel d\u2019exercices peut convenir \u00e0 toutes et tous. IL vous propose un aller simple vers une meilleure forme physique toujours fait dans la joie et la bonne humeur. Les diff\u00e9rents exercices auront un effet b\u00e9n\u00e9fique sur votre silhouette et \u00e9galement sur votre posture. Il vous permettra de raffermir votre sangle abdominale, vos fessiers, vos cuisses. Le renforcement musculaire, sera votre alli\u00e9, vous aidera \u00e0 maintenir votre posture et rendra votre silhouette plus athl\u00e9tique.<\/p>\t\t\t\t\t\t\t\t<\/div>\n\t\t\t\t<\/div>\n\t\t\t\t\t<\/div>\n\t\t<\/div>\n\t\t\t\t\t<\/div>\n\t\t<\/section>\n\t\t\t\t<section class=\"elementor-section elementor-top-section elementor-element elementor-element-9aed17f elementor-section-boxed elementor-section-height-default elementor-section-height-default wpr-particle-no wpr-jarallax-no wpr-parallax-no wpr-sticky-section-no wpr-equal-height-no\" data-id=\"9aed17f\" data-element_type=\"section\" data-e-type=\"section\">\n\t\t\t\t\t\t<div class=\"elementor-container elementor-column-gap-default\">\n\t\t\t\t\t<div class=\"elementor-column elementor-col-100 elementor-top-column elementor-element elementor-element-00acb95\" data-id=\"00acb95\" data-element_type=\"column\" data-e-type=\"column\">\n\t\t\t<div class=\"elementor-widget-wrap elementor-element-populated\">\n\t\t\t\t\t\t<div class=\"elementor-element elementor-element-2c891ea elementor-widget elementor-widget-image\" data-id=\"2c891ea\" data-element_type=\"widget\" data-e-type=\"widget\" data-widget_type=\"image.default\">\n\t\t\t\t<div class=\"elementor-widget-container\">\n\t\t\t\t\t\t\t\t\t\t\t\t\t\t\t<img fetchpriority=\"high\" decoding=\"async\" width=\"750\" height=\"500\" src=\"https:\/\/www.gym-vitalite.fr\/wp-content\/uploads\/2022\/08\/RENFO-MUSCULAIRE-1024x683.jpg\" class=\"attachment-large size-large wp-image-334\" alt=\"\" srcset=\"https:\/\/www.gym-vitalite.fr\/wp-content\/uploads\/2022\/08\/RENFO-MUSCULAIRE-1024x683.jpg 1024w, https:\/\/www.gym-vitalite.fr\/wp-content\/uploads\/2022\/08\/RENFO-MUSCULAIRE-300x200.jpg 300w, https:\/\/www.gym-vitalite.fr\/wp-content\/uploads\/2022\/08\/RENFO-MUSCULAIRE-768x512.jpg 768w, https:\/\/www.gym-vitalite.fr\/wp-content\/uploads\/2022\/08\/RENFO-MUSCULAIRE-1536x1024.jpg 1536w, https:\/\/www.gym-vitalite.fr\/wp-content\/uploads\/2022\/08\/RENFO-MUSCULAIRE-2048x1365.jpg 2048w, https:\/\/www.gym-vitalite.fr\/wp-content\/uploads\/2022\/08\/RENFO-MUSCULAIRE-1568x1045.jpg 1568w\" sizes=\"(max-width: 750px) 100vw, 750px\" style=\"width:100%;height:66.68%;max-width:2560px\" \/>\t\t\t\t\t\t\t\t\t\t\t\t\t\t\t<\/div>\n\t\t\t\t<\/div>\n\t\t\t\t\t<\/div>\n\t\t<\/div>\n\t\t\t\t\t<\/div>\n\t\t<\/section>\n\t\t\t\t<\/div>\n\t\t","protected":false},"excerpt":{"rendered":"<p>Renforcement musculaire CLAIRE&nbsp;: Le renforcement musculaire et son panel d\u2019exercices peut convenir \u00e0 toutes et tous. IL vous propose un aller simple vers une meilleure forme physique toujours fait dans la joie et la bonne humeur. Les diff\u00e9rents exercices auront un effet b\u00e9n\u00e9fique sur votre silhouette et \u00e9galement sur votre posture. Il vous permettra de raffermir votre sangle abdominale, vos fessiers, vos cuisses. Le renforcement musculaire, sera votre alli\u00e9, vous aidera \u00e0 maintenir votre posture et rendra votre silhouette plus athl\u00e9tique.<\/p>\n","protected":false},"author":1,"featured_media":0,"parent":0,"menu_order":0,"comment_status":"closed","ping_status":"closed","template":"elementor_canvas","meta":{"_eb_attr":"","footnotes":""},"class_list":["post-126","page","type-page","status-publish","hentry","entry"],"_links":{"self":[{"href":"https:\/\/www.gym-vitalite.fr\/index.php?rest_route=\/wp\/v2\/pages\/126","targetHints":{"allow":["GET"]}}],"collection":[{"href":"https:\/\/www.gym-vitalite.fr\/index.php?rest_route=\/wp\/v2\/pages"}],"about":[{"href":"https:\/\/www.gym-vitalite.fr\/index.php?rest_route=\/wp\/v2\/types\/page"}],"author":[{"embeddable":true,"href":"https:\/\/www.gym-vitalite.fr\/index.php?rest_route=\/wp\/v2\/users\/1"}],"replies":[{"embeddable":true,"href":"https:\/\/www.gym-vitalite.fr\/index.php?rest_route=%2Fwp%2Fv2%2Fcomments&post=126"}],"version-history":[{"count":13,"href":"https:\/\/www.gym-vitalite.fr\/index.php?rest_route=\/wp\/v2\/pages\/126\/revisions"}],"predecessor-version":[{"id":338,"href":"https:\/\/www.gym-vitalite.fr\/index.php?rest_route=\/wp\/v2\/pages\/126\/revisions\/338"}],"wp:attachment":[{"href":"https:\/\/www.gym-vitalite.fr\/index.php?rest_route=%2Fwp%2Fv2%2Fmedia&parent=126"}],"curies":[{"name":"wp","href":"https:\/\/api.w.org\/{rel}","templated":true}]}}